{"id":427,"date":"2022-04-01T09:53:15","date_gmt":"2022-04-01T12:53:15","guid":{"rendered":"http:\/\/localhost\/prueba\/?page_id=427"},"modified":"2026-03-19T13:06:42","modified_gmt":"2026-03-19T13:06:42","slug":"nosotros","status":"publish","type":"page","link":"https:\/\/ciep.cl\/nuevo_transparencia\/nosotros\/","title":{"rendered":"NOSOTROS"},"content":{"rendered":"\t\t<div data-elementor-type=\"wp-page\" data-elementor-id=\"427\" class=\"elementor elementor-427\">\n\t\t\t\t\t\t\t\t\t<section class=\"elementor-section elementor-top-section elementor-element elementor-element-13f8416 elementor-section-boxed elementor-section-height-default elementor-section-height-default\" data-id=\"13f8416\" data-element_type=\"section\">\n\t\t\t\t\t\t<div class=\"elementor-container elementor-column-gap-default\">\n\t\t\t\t\t<div class=\"elementor-column elementor-col-100 elementor-top-column elementor-element elementor-element-5cff9e2\" data-id=\"5cff9e2\" data-element_type=\"column\">\n\t\t\t<div class=\"elementor-widget-wrap elementor-element-populated\">\n\t\t\t\t\t\t\t\t<div class=\"elementor-element elementor-element-6f5bc64 elementor-tabs-view-vertical elementor-widget elementor-widget-tabs\" data-id=\"6f5bc64\" data-element_type=\"widget\" data-widget_type=\"tabs.default\">\n\t\t\t\t<div class=\"elementor-widget-container\">\n\t\t\t<style>\/*! elementor - v3.6.5 - 27-04-2022 *\/\n.elementor-widget-tabs.elementor-tabs-view-vertical .elementor-tabs-wrapper{width:25%;-ms-flex-negative:0;flex-shrink:0}.elementor-widget-tabs.elementor-tabs-view-vertical .elementor-tab-desktop-title.elementor-active{border-right-style:none}.elementor-widget-tabs.elementor-tabs-view-vertical .elementor-tab-desktop-title.elementor-active:after,.elementor-widget-tabs.elementor-tabs-view-vertical .elementor-tab-desktop-title.elementor-active:before{height:999em;width:0;right:0;border-right-style:solid}.elementor-widget-tabs.elementor-tabs-view-vertical .elementor-tab-desktop-title.elementor-active:before{top:0;-webkit-transform:translateY(-100%);-ms-transform:translateY(-100%);transform:translateY(-100%)}.elementor-widget-tabs.elementor-tabs-view-vertical .elementor-tab-desktop-title.elementor-active:after{top:100%}.elementor-widget-tabs.elementor-tabs-view-horizontal .elementor-tab-desktop-title{display:table-cell}.elementor-widget-tabs.elementor-tabs-view-horizontal .elementor-tab-desktop-title.elementor-active{border-bottom-style:none}.elementor-widget-tabs.elementor-tabs-view-horizontal .elementor-tab-desktop-title.elementor-active:after,.elementor-widget-tabs.elementor-tabs-view-horizontal .elementor-tab-desktop-title.elementor-active:before{bottom:0;height:0;width:999em;border-bottom-style:solid}.elementor-widget-tabs.elementor-tabs-view-horizontal .elementor-tab-desktop-title.elementor-active:before{right:100%}.elementor-widget-tabs.elementor-tabs-view-horizontal .elementor-tab-desktop-title.elementor-active:after{left:100%}.elementor-widget-tabs .elementor-tab-content,.elementor-widget-tabs .elementor-tab-title,.elementor-widget-tabs .elementor-tab-title:after,.elementor-widget-tabs .elementor-tab-title:before,.elementor-widget-tabs .elementor-tabs-content-wrapper{border:1px #d4d4d4}.elementor-widget-tabs .elementor-tabs{text-align:left}.elementor-widget-tabs .elementor-tabs-wrapper{overflow:hidden}.elementor-widget-tabs .elementor-tab-title{cursor:pointer;outline:var(--focus-outline,none)}.elementor-widget-tabs .elementor-tab-desktop-title{position:relative;padding:20px 25px;font-weight:700;line-height:1;border:solid transparent}.elementor-widget-tabs .elementor-tab-desktop-title.elementor-active{border-color:#d4d4d4}.elementor-widget-tabs .elementor-tab-desktop-title.elementor-active:after,.elementor-widget-tabs .elementor-tab-desktop-title.elementor-active:before{display:block;content:\"\";position:absolute}.elementor-widget-tabs .elementor-tab-mobile-title{padding:10px;cursor:pointer}.elementor-widget-tabs .elementor-tab-content{padding:20px;display:none}@media (max-width:767px){.elementor-tabs .elementor-tab-content,.elementor-tabs .elementor-tab-title{border-style:solid solid none}.elementor-tabs .elementor-tabs-wrapper{display:none}.elementor-tabs .elementor-tabs-content-wrapper{border-bottom-style:solid}.elementor-tabs .elementor-tab-content{padding:10px}}@media (min-width:768px){.elementor-widget-tabs.elementor-tabs-view-vertical .elementor-tabs{display:-webkit-box;display:-ms-flexbox;display:flex}.elementor-widget-tabs.elementor-tabs-view-vertical .elementor-tabs-wrapper{-webkit-box-orient:vertical;-webkit-box-direction:normal;-ms-flex-direction:column;flex-direction:column}.elementor-widget-tabs.elementor-tabs-view-vertical .elementor-tabs-content-wrapper{-webkit-box-flex:1;-ms-flex-positive:1;flex-grow:1;border-style:solid solid solid none}.elementor-widget-tabs.elementor-tabs-view-horizontal .elementor-tab-content{border-style:none solid solid}.elementor-widget-tabs.elementor-tabs-alignment-center .elementor-tabs-wrapper,.elementor-widget-tabs.elementor-tabs-alignment-end .elementor-tabs-wrapper,.elementor-widget-tabs.elementor-tabs-alignment-stretch .elementor-tabs-wrapper{display:-webkit-box;display:-ms-flexbox;display:flex}.elementor-widget-tabs.elementor-tabs-alignment-center .elementor-tabs-wrapper{-webkit-box-pack:center;-ms-flex-pack:center;justify-content:center}.elementor-widget-tabs.elementor-tabs-alignment-end .elementor-tabs-wrapper{-webkit-box-pack:end;-ms-flex-pack:end;justify-content:flex-end}.elementor-widget-tabs.elementor-tabs-alignment-stretch.elementor-tabs-view-horizontal .elementor-tab-title{width:100%}.elementor-widget-tabs.elementor-tabs-alignment-stretch.elementor-tabs-view-vertical .elementor-tab-title{height:100%}.elementor-tabs .elementor-tab-mobile-title{display:none}}<\/style>\t\t<div class=\"elementor-tabs\">\n\t\t\t<div class=\"elementor-tabs-wrapper\" role=\"tablist\" >\n\t\t\t\t\t\t\t\t\t<div id=\"elementor-tab-title-1161\" class=\"elementor-tab-title elementor-tab-desktop-title\" aria-selected=\"true\" data-tab=\"1\" role=\"tab\" tabindex=\"0\" aria-controls=\"elementor-tab-content-1161\" aria-expanded=\"false\">Raz\u00f3n social <\/div>\n\t\t\t\t\t\t\t\t\t<div id=\"elementor-tab-title-1162\" class=\"elementor-tab-title elementor-tab-desktop-title\" aria-selected=\"false\" data-tab=\"2\" role=\"tab\" tabindex=\"-1\" aria-controls=\"elementor-tab-content-1162\" aria-expanded=\"false\">Misi\u00f3n y visi\u00f3n<\/div>\n\t\t\t\t\t\t\t\t\t<div id=\"elementor-tab-title-1163\" class=\"elementor-tab-title elementor-tab-desktop-title\" aria-selected=\"false\" data-tab=\"3\" role=\"tab\" tabindex=\"-1\" aria-controls=\"elementor-tab-content-1163\" aria-expanded=\"false\">Objetivos<\/div>\n\t\t\t\t\t\t\t\t\t<div id=\"elementor-tab-title-1164\" class=\"elementor-tab-title elementor-tab-desktop-title\" aria-selected=\"false\" data-tab=\"4\" role=\"tab\" tabindex=\"-1\" aria-controls=\"elementor-tab-content-1164\" aria-expanded=\"false\">Productos<\/div>\n\t\t\t\t\t\t\t\t\t<div id=\"elementor-tab-title-1165\" class=\"elementor-tab-title elementor-tab-desktop-title\" aria-selected=\"false\" data-tab=\"5\" role=\"tab\" tabindex=\"-1\" aria-controls=\"elementor-tab-content-1165\" aria-expanded=\"false\">Asamblea<\/div>\n\t\t\t\t\t\t\t\t\t<div id=\"elementor-tab-title-1166\" class=\"elementor-tab-title elementor-tab-desktop-title\" aria-selected=\"false\" data-tab=\"6\" role=\"tab\" tabindex=\"-1\" aria-controls=\"elementor-tab-content-1166\" aria-expanded=\"false\">Directorio<\/div>\n\t\t\t\t\t\t\t<\/div>\n\t\t\t<div class=\"elementor-tabs-content-wrapper\" role=\"tablist\" aria-orientation=\"vertical\">\n\t\t\t\t\t\t\t\t\t<div class=\"elementor-tab-title elementor-tab-mobile-title\" aria-selected=\"true\" data-tab=\"1\" role=\"tab\" tabindex=\"0\" aria-controls=\"elementor-tab-content-1161\" aria-expanded=\"false\">Raz\u00f3n social <\/div>\n\t\t\t\t\t<div id=\"elementor-tab-content-1161\" class=\"elementor-tab-content elementor-clearfix\" data-tab=\"1\" role=\"tabpanel\" aria-labelledby=\"elementor-tab-title-1161\" tabindex=\"0\" hidden=\"false\"><p style=\"text-align: justify;\">Corporaci\u00f3n Regional de Investigaci\u00f3n y Desarrollo Cooperativo, Centro de Investigaci\u00f3n en Ecosistemas de la Patagonia, CIEP.<\/p>\n\n<p style=\"text-align: justify;\">El Centro de Investigaci\u00f3n en Ecosistemas de la Patagonia (CIEP) creado a fines del a\u00f1o 2005 en el marco del Programa Regional de la Comisi\u00f3n Nacional de Investigaci\u00f3n Cient\u00edfica y Tecnol\u00f3gica de Chile y respaldado por el Gobierno Regional de Ays\u00e9n,\u00a0 es una organizaci\u00f3n que aporta al desarrollo y la sustentabilidad de la Patagonia a trav\u00e9s de investigaci\u00f3n cient\u00edfica de excelencia y pertinente a los intereses de la comunidad y sectores productivos.<\/p>\n\n<p style=\"text-align: justify;\">En el a\u00f1o 2007, por acuerdo del CORE N\u00b02093, se aprueba la transformaci\u00f3n de la instituci\u00f3n en una corporaci\u00f3n privada sin fines de lucro, seg\u00fan el cap\u00edtulo de Asociativismo Regional de la Ley Org\u00e1nica Constitucional de Gobierno y Administraci\u00f3n Regional, concedi\u00e9ndose la personalidad jur\u00eddica a CIEP el 12 de abril de 2013 por Decreto N\u00b0 2908 del Ministerio de Justicia, publicado en el Diario Oficial N\u00b0 40.583 el 13 de junio de 2013.<\/p><\/div>\n\t\t\t\t\t\t\t\t\t<div class=\"elementor-tab-title elementor-tab-mobile-title\" aria-selected=\"false\" data-tab=\"2\" role=\"tab\" tabindex=\"-1\" aria-controls=\"elementor-tab-content-1162\" aria-expanded=\"false\">Misi\u00f3n y visi\u00f3n<\/div>\n\t\t\t\t\t<div id=\"elementor-tab-content-1162\" class=\"elementor-tab-content elementor-clearfix\" data-tab=\"2\" role=\"tabpanel\" aria-labelledby=\"elementor-tab-title-1162\" tabindex=\"0\" hidden=\"hidden\"><strong>Misi\u00f3n\u00a0<\/strong>\n\n<p style=\"text-align: justify;\">Aportar al desarrollo y sustentabilidad de la Patagonia a trav\u00e9s de investigaci\u00f3n cient\u00edfica de excelencia y pertinente a los intereses de la comunidad y sectores productivos.<\/p>\n\n<strong>Visi\u00f3n<\/strong>\n\n<p style=\"text-align: justify;\">El CIEP es el referente del conocimiento cient\u00ed\ufb01co de excelencia que contribuye a entender el funcionamiento de los ecosistemas de la Patagonia y a valorar el patrimonio ambiental y cultural de la regi\u00f3n, fortaleciendo la identidad regional y el desarrollo sustentable de la sociedad con el medio.<\/p><\/div>\n\t\t\t\t\t\t\t\t\t<div class=\"elementor-tab-title elementor-tab-mobile-title\" aria-selected=\"false\" data-tab=\"3\" role=\"tab\" tabindex=\"-1\" aria-controls=\"elementor-tab-content-1163\" aria-expanded=\"false\">Objetivos<\/div>\n\t\t\t\t\t<div id=\"elementor-tab-content-1163\" class=\"elementor-tab-content elementor-clearfix\" data-tab=\"3\" role=\"tabpanel\" aria-labelledby=\"elementor-tab-title-1163\" tabindex=\"0\" hidden=\"hidden\"><li>Consolidar la investigaci\u00f3n fundamental en ecosistemas acu\u00e1ticos y terrestres para determinar el impacto de las fluctuaciones naturales del clima (cambios hist\u00f3ricos) y del cambio global (cambios antropog\u00e9nicos) sobre \u00e9stos.<\/li>\n<li>Consolidar la investigaci\u00f3n fundamental sobre procesos arqueol\u00f3gicos y el poblamiento temprano de la regi\u00f3n de Ays\u00e9n as\u00ed como resguardar el patrimonio arqueol\u00f3gico regional.<\/li>\n<li>Promover el desarrollo de actividades productivas sustentables, en particular en los sectores pesca artesanal, acuicultura, turismo y forestal.<\/li>\n<li>Intensificar la investigaci\u00f3n aplicada y fomentar el traspaso de conocimiento cient\u00edfico a la sociedad regional.<\/li>\n<li>Extender las redes cient\u00edficas internacionales para multiplicar las investigaciones desarrolladas en la regi\u00f3n, mejorar la calidad del conocimiento de sus ecosistemas y favorecer su difusi\u00f3n.<\/li><\/div>\n\t\t\t\t\t\t\t\t\t<div class=\"elementor-tab-title elementor-tab-mobile-title\" aria-selected=\"false\" data-tab=\"4\" role=\"tab\" tabindex=\"-1\" aria-controls=\"elementor-tab-content-1164\" aria-expanded=\"false\">Productos<\/div>\n\t\t\t\t\t<div id=\"elementor-tab-content-1164\" class=\"elementor-tab-content elementor-clearfix\" data-tab=\"4\" role=\"tabpanel\" aria-labelledby=\"elementor-tab-title-1164\" tabindex=\"0\" hidden=\"hidden\"><li>Generaci\u00f3n de conocimiento cient\u00edfico en ecosistemas terrestres y acu\u00e1ticos; arqueolog\u00eda y patrimonio; turismo y pesca artesanal; enfocado en la Patagonia pero contextualizado a escala global.<\/li>\n<li>Desarrollo de plataformas digitales para i) la transferencia de conocimiento y modelos del tiempo, el estudio de eventos de contaminaci\u00f3n atmosf\u00e9rica y procesos de ventilaci\u00f3n de la cuenca de Coyhaique (<u><a href=\"http:\/\/www.aysenmet.cl\/\">www.aysenmet.cl<\/a><\/u>), ii) transferencia de conocimiento sobre ecosistemas subacu\u00e1ticos de la regi\u00f3n (<u><a href=\"http:\/\/www.ciep.cl\/mapa\">www.ciep.cl\/mapa<\/a><\/u>) y iii) potenciar el turismo sostenible entregando informaci\u00f3n sobre experiencias y actividades respetando el entorno social y ecol\u00f3gico de la<span lang=\"es-ES-u-co-trad\"> regi\u00f3n<\/span> de Ays\u00e9n (<u><a href=\"http:\/\/www.patagoniapordescubrir.cl\/\">www.patagoniapordescubrir.cl<\/a><\/u>).<\/li>\n<li>Apoyo al fortalecimiento del Museo Regional de Ays\u00e9n.<\/li>\n<li>Apoyo al fortalecimiento y desarrollo de la Educaci\u00f3n superior en la Regi\u00f3n de Ays\u00e9n.<\/li>\n<li>Apoyo al fortalecimiento y desarrollo de la Educaci\u00f3n b\u00e1sica y media (fundamentalmente pero no exclusivamente a trav\u00e9s del programa EXPLORA) de la regi\u00f3n.<\/li>\n<li>Transferencia de conocimiento al sector p\u00fablico y privado (apoyo cient\u00edfico t\u00e9cnico para la toma de decisiones) derivado de estudios ambientales de l\u00ednea base y condiciones de ecosistemas de entorno.<\/li><\/div>\n\t\t\t\t\t\t\t\t\t<div class=\"elementor-tab-title elementor-tab-mobile-title\" aria-selected=\"false\" data-tab=\"5\" role=\"tab\" tabindex=\"-1\" aria-controls=\"elementor-tab-content-1165\" aria-expanded=\"false\">Asamblea<\/div>\n\t\t\t\t\t<div id=\"elementor-tab-content-1165\" class=\"elementor-tab-content elementor-clearfix\" data-tab=\"5\" role=\"tabpanel\" aria-labelledby=\"elementor-tab-title-1165\" tabindex=\"0\" hidden=\"hidden\"><p>La Asamblea General es el \u00f3rgano colectivo principal dela Corporaci\u00f3n, integrado por el total de sus socios activos.<\/p><p><img decoding=\"async\" loading=\"lazy\" class=\"aligncenter size-full wp-image-1199\" src=\"https:\/\/ciep.cl\/nuevo_transparencia\/wp-content\/uploads\/2023\/04\/socios.jpg\" alt=\"\" width=\"480\" height=\"340\" srcset=\"https:\/\/ciep.cl\/nuevo_transparencia\/wp-content\/uploads\/2023\/04\/socios.jpg 480w, https:\/\/ciep.cl\/nuevo_transparencia\/wp-content\/uploads\/2023\/04\/socios-300x213.jpg 300w\" sizes=\"(max-width: 480px) 100vw, 480px\" \/><\/p><\/div>\n\t\t\t\t\t\t\t\t\t<div class=\"elementor-tab-title elementor-tab-mobile-title\" aria-selected=\"false\" data-tab=\"6\" role=\"tab\" tabindex=\"-1\" aria-controls=\"elementor-tab-content-1166\" aria-expanded=\"false\">Directorio<\/div>\n\t\t\t\t\t<div id=\"elementor-tab-content-1166\" class=\"elementor-tab-content elementor-clearfix\" data-tab=\"6\" role=\"tabpanel\" aria-labelledby=\"elementor-tab-title-1166\" tabindex=\"0\" hidden=\"hidden\"><p>El directorio de CIEP est\u00e1 constituido como cuerpo colegiado y le corresponde impartir las directrices superiores respecto a la marcha y funcionamiento de la Corporaci\u00f3n. Este, se compone de 9 miembros:<\/p><p>a) Tres representantes designados libremente por el Gobierno Regional de Ays\u00e9n;<br \/>b) Un representante de la Agencia Nacional de Investigaci\u00f3n y Desarrollo (ANID)<br \/>c) Cinco miembros elegidos por la Asamblea General, entre los socios activos de la Corporaci\u00f3n.<\/p><p>El Directorio tendr\u00e1 una duraci\u00f3n de dos a\u00f1os contados de la fecha de su elecci\u00f3n. Desde el a\u00f1o 2022, el directorio CIEP esta compuesto por:<\/p><ul><li data-olk-copy-source=\"MessageBody\">Camila Reyes Santolalla (INIA) &#8211; Presidenta Directorio.<\/li><li>N\u00e9stor Mera M\u00fa\u00f1oz (GORE)<\/li><li>Ximena Sol\u00eds Pradenas (GORE)<\/li><li>Carlos D\u00edaz (GORE)<\/li><li>Mar\u00eda Andrea Rodr\u00edguez Tastets (UdeC)<\/li><li>Luis Pardo Suazo (UACh)<\/li><li><!--StartFragment--><span data-olk-copy-source=\"MessageBody\">Marcelo Sanhueza Ulloa (Uays\u00e9n)<\/span><!--EndFragment--><\/li><li>Susana Celis Ram\u00edrez (ANID)<\/li><li>Carlos Vial Izquierdo (INTESAL)<\/li><\/ul><\/div>\n\t\t\t\t\t\t\t<\/div>\n\t\t<\/div>\n\t\t\t\t<\/div>\n\t\t\t\t<\/div>\n\t\t\t\t\t<\/div>\n\t\t<\/div>\n\t\t\t\t\t\t\t<\/div>\n\t\t<\/section>\n\t\t\t\t\t\t\t<\/div>\n\t\t","protected":false},"excerpt":{"rendered":"<p>Raz\u00f3n social Misi\u00f3n y visi\u00f3n Objetivos Productos Asamblea Directorio Raz\u00f3n social Corporaci\u00f3n Regional de Investigaci\u00f3n y Desarrollo Cooperativo, Centro de Investigaci\u00f3n en Ecosistemas de la Patagonia, CIEP. El Centro de Investigaci\u00f3n en Ecosistemas de la Patagonia (CIEP) creado a fines del a\u00f1o 2005 en el marco del Programa Regional de la Comisi\u00f3n Nacional de Investigaci\u00f3n &hellip;<\/p>\n<p class=\"read-more\"> <a class=\"\" href=\"https:\/\/ciep.cl\/nuevo_transparencia\/nosotros\/\"> <span class=\"screen-reader-text\">NOSOTROS<\/span> Leer m\u00e1s &raquo;<\/a><\/p>\n","protected":false},"author":1,"featured_media":0,"parent":0,"menu_order":0,"comment_status":"closed","ping_status":"closed","template":"","meta":{"site-sidebar-layout":"no-sidebar","site-content-layout":"page-builder","ast-main-header-display":"","ast-hfb-above-header-display":"","ast-hfb-below-header-display":"","ast-hfb-mobile-header-display":"","site-post-title":"disabled","ast-breadcrumbs-content":"","ast-featured-img":"disabled","footer-sml-layout":"","theme-transparent-header-meta":"","adv-header-id-meta":"","stick-header-meta":"","header-above-stick-meta":"","header-main-stick-meta":"","header-below-stick-meta":""},"_links":{"self":[{"href":"https:\/\/ciep.cl\/nuevo_transparencia\/wp-json\/wp\/v2\/pages\/427"}],"collection":[{"href":"https:\/\/ciep.cl\/nuevo_transparencia\/wp-json\/wp\/v2\/pages"}],"about":[{"href":"https:\/\/ciep.cl\/nuevo_transparencia\/wp-json\/wp\/v2\/types\/page"}],"author":[{"embeddable":true,"href":"https:\/\/ciep.cl\/nuevo_transparencia\/wp-json\/wp\/v2\/users\/1"}],"replies":[{"embeddable":true,"href":"https:\/\/ciep.cl\/nuevo_transparencia\/wp-json\/wp\/v2\/comments?post=427"}],"version-history":[{"count":47,"href":"https:\/\/ciep.cl\/nuevo_transparencia\/wp-json\/wp\/v2\/pages\/427\/revisions"}],"predecessor-version":[{"id":1607,"href":"https:\/\/ciep.cl\/nuevo_transparencia\/wp-json\/wp\/v2\/pages\/427\/revisions\/1607"}],"wp:attachment":[{"href":"https:\/\/ciep.cl\/nuevo_transparencia\/wp-json\/wp\/v2\/media?parent=427"}],"curies":[{"name":"wp","href":"https:\/\/api.w.org\/{rel}","templated":true}]}}